n. Calculate the remainder when 64 is divided by i.
20
Suppose 66 = -11*d + 605. Suppose -4*v - 5*i - 5 = -d, 8 = -2*i. What is the remainder when 70 is divided by v?
6
Suppose -3*f = 5 - 2, 2*f + 86 = p. Suppose p = -7*i + 371. Suppose s = -0*s + 9. What is the remainder when i is divided by s?
5
Suppose 0 = 2*i - 3*j - 23, 1 = 2*i + j - 2. Let x(c) = -24*c**2 - 3*c - 8. Let d be x(-3). Let m = d + 226. What is the remainder when m is divided by i?
3
Let v = -14326 + 18131. What is the remainder when v is divided by 32?
29
Suppose 0 = 2*f - 5*z + 5, 0 = 3*z - 19 + 4. Let x(m) = 151 + 10*m - 24*m + 24. What is the remainder when f is divided by x(12)?
3
Suppose 40*b = 35*b + v + 3193, 0 = 5*b + 5*v - 3205. Calculate the remainder when b is divided by 160.
159
Suppose 6*a - 24 = 4*a. Let o(q) = -q**3 - 10*q**2 + 13*q - 10. Let c be o(-11). What is the remainder when (20/(-8))/(-2*(-2)/c) is divided by a?
8
Let y be 3/(-4)*10*(-19 - -21). Calculate the remainder when (-5)/y*-9 - -113 is divided by 48.
14
What is the remainder when 928 is divided by (108/40)/9 - (-3047)/10?
13
Suppose 3*k - 31 = -2*x, 3*k - 4*x = -2*k + 59. Let w = -725 - -745. Suppose k*t = w*t - 225. What is the remainder when 247 is divided by t?
22
Let o = -195 - -203. Suppose 0 = -o*m + 13*m, -4*t = -3*m - 256. What is the remainder when t is divided by 44?
20
Suppose -s = 2*p - 31, 5*p - s = 10*p - 82. Calculate the remainder when 81 is divided by p + -2 + -7 + 6.
11
Let v(r) be the second derivative of 95*r**3/6 + 19*r**2 - 90*r. Calculate the remainder when v(3) is divided by 25.
23
Suppose -4*h + 6 = -5*o - 7, -5*o - 2*h = 31. Let j = 1 - o. Let b(n) = 4*n**3 - 60*n**2 - 513*n - 14. Calculate the remainder when b(-6) is divided by j.
4
Let j = -5133 - -5152. What is the remainder when 6876 is divided by j?
17
Suppose 18*h - 13*h - 15 = 0. Let r(f) = -f**3 - 3*f**2 - 13. Calculate the remainder when r(-5) is divided by (-188)/(-20) + h/5.
7
Calculate the remainder when 5984 is divided by 1/4*-1*(-2016 + 1956).
14
Suppose 263*b - 3976 = 3914. Let s(u) = -5*u**3 - 2*u. Calculate the remainder when s(-4) is divided by b.
28
Calculate the remainder when 8817 is divided by 17 + (-2534)/154 + 1149/11.
102
Let d = -670908 + 671426. What is the remainder when d is divided by 3*(80/6 + 0)?
38
Let j(w) = 5*w**2 - w + 1. Let x = 9407 - 9401. Calculate the remainder when j(2) is divided by x.
1
Suppose -5*s + a - 43 = 3*a, -4*a + 4 = 0. Let v be (-3)/(s/(-2))*-3. What is the remainder when 134 is divided by 31 - v*2/1?
26
Suppose 3*w + 6 = 3*l, 3*l + 5*w + 1 = 7. Let f(j) = -j**2 + 12*j. Let a be f(13). Let g = l - a. Calculate the remainder when 57 is divided by g.
12
Suppose -4*z + 102 = -2*w, 0 = 4*z - 575*w + 580*w - 81. Suppose 5*x - 9 = 3*d - 57, -3*d + 36 = -x. What is the remainder when z is divided by d?
2
Let z = 40 - -182. Suppose -4*q = -3*q, -q = -j + z. What is the remainder when j is divided by 25?
22
Let y be 4 + 307*(6 - 5). Let t = 346 - y. Calculate the remainder when 173 is divided by t.
33
Let p be (13 + 2 + -1)*(-15)/(-10). Let s = 24 - 9. Calculate the remainder when (28/p)/(5/330) is divided by s.
13
Let x(u) = u**3 - 13*u**2 + u - 36. Let g be x(14). Calculate the remainder when ((-5)/(-15))/(2/g) is divided by 2.
1
Let r(i) = -i**2 + 9*i - 10. Suppose -11*x = -372 - 684. Let y = x - 90. Calculate the remainder when 30 is divided by r(y).
6
Suppose 0 = -4*w + 6*w - 12. Let h(b) be the second derivative of -5*b**3/6 + 15*b**2 - 20*b. Calculate the remainder when h(-7) is divided by w.
5
Suppose -51*d + 24*d = 53*d - 9120. Calculate the remainder when d is divided by 2 + 1/(-1) + 22.
22
Suppose o + o + 6 = 4*x, -5*o - 3*x - 28 = 0. Let b(d) = -d - 4. Let y = -92272 + 92278. What is the remainder when y is divided by b(o)?
0
Suppose 0*r = -r + 7. Suppose -o = -11 - 50. Suppose -5*m = -o - 4. What is the remainder when m is divided by r?
6
Let n be (6/10)/((-1)/(-435)). Suppose i + 5*r = n, 0*i - r = -4*i + 1149. Let m = -153 + i. Calculate the remainder when m is divided by 46.
41
Suppose -27*c = 4*z - 23*c, 3*z = 4*c + 35. Calculate the remainder when 1564 is divided by z.
4
Suppose -169 = -3*a + 416. Suppose 15*j = -30*j + 1305. Calculate the remainder when a is divided by j.
21
Let h = 893 + -884. What is the remainder when 1677 is divided by h?
3
Suppose 0 = 34*z - 43*z - 207. What is the remainder when 165/2*(-46)/z - -4 is divided by 43?
40
Suppose -3889 = -4*g - 3*c + 550, -1100 = -g - 4*c. What is the remainder when 1117 is divided by g?
5
Let s = 997 - 890. Calculate the remainder when 2994 is divided by s.
105
Suppose -f + 0*f - 813 = -4*o, -5*f = 2*o - 379. Suppose 2*y + o = 5*j, j + 6*y - 54 = 3*y. Calculate the remainder when 159 is divided by j.
33
Let s(a) be the third derivative of 0 - a**2 + 7/24*a**4 + 0*a - 17/3*a**3. Calculate the remainder when s(16) is divided by 20.
18
Suppose 35*g = 34*g + 125. Let h = -101 + g. Calculate the remainder when 358 is divided by h.
22
Suppose -12 = -t + 9. Let o be (1 + 10)/(52/50 + -1). Suppose 4*c - o = 217. Calculate the remainder when c is divided by t.
18
Let u(q) = 11*q + 196. Let t = 210 - 204. What is the remainder when u(t) is divided by 33?
31
Suppose 5*d = 3*q + 6648, 1568 = 3*d + 4*q - 2386. Calculate the remainder when d is divided by 130.
26
Let g = 11 - 7. Suppose -2*m + g*m = 18. Suppose 5*v = 3*t - 155, t + v = 187 - 122. What is the remainder when t is divided by m?
6
Suppose -5*u + 6496 = 78*n - 74*n, u - n = 1310. Calculate the remainder when u is divided by 165.
149
Let s be ((-3170)/(-6))/((-25)/15 + 2). Let u be 0 - s/15 - (-2)/(-6). Let v = -4 - u. What is the remainder when v is divided by 15?
12
Suppose 57*m - 30*m = 34*m - 1155. Calculate the remainder when 292 is divided by m.
127
Let n = 19257 - 17646. Calculate the remainder when n is divided by 4.
3
Let b = -80 - -418. Let q be b/18 - 4/(-18). What is the remainder when 29 is divided by (-1)/(-2)*(q + -9)?
4
Suppose 5*n = -4*i + 1409, -3*n - 2*i - 392 + 1237 = 0. Calculate the remainder when 1064 is divided by n.
221
Let v(m) = -5*m - 8. Let q be v(-2). Calculate the remainder when (624/6)/q - (-4)/(-2) is divided by 18.
14
Let b(x) = x**2 + 3*x + 16 + 4*x - 7*x. Let o = 60 + -32. What is the remainder when o is divided by b(0)?
12
Suppose k - 77 = -2*a, 3*a + 15 = -2*k + 127. What is the remainder when 563 is divided by a?
17
Let f(c) = -5*c**2 + 204*c + 121. Calculate the remainder when f(36) is divided by 3.
1
Let c = -156 + 715. Let t = c - 112. Suppose 4*m + k = 355, -5*m + 2*k + t = -0*k. Calculate the remainder when m is divided by 13.
11
What is the remainder when 46 is divided by (-30)/(-55) - (-2944)/88?
12
Suppose -2 + 17 = -5*o, 0 = w - 2*o - 37. Calculate the remainder when 177 is divided by w.
22
Let v(i) be the second derivative of -i**3 + 39*i**2/2 - 14*i - 1. What is the remainder when 1*0/(-3) - -269 is divided by v(2)?
26
Let k(c) = -4*c**2 + 13*c - 3. Let g be k(3). Suppose -3*o + g*o = -63. Let j = o - -8. What is the remainder when j is divided by 12?
5
Let y(j) = j**3 - 3*j**2 + 6*j - 4. Suppose 0 = 2*w - 5*m + 77, -w + 4*m = 3*w + 172. Let x = w - -52. Calculate the remainder when y(x) is divided by 36.
32
Suppose -50 = -d + 95. Calculate the remainder when d is divided by 74/(-1)*((-24 - -20) + 3).
71
Let z = -1717 + 1375. Let b = 460 + z. Calculate the remainder when b is divided by 11*-1*(-2 + 1).
8
Suppose 0*n + 20 = 5*c + 2*n, -5*c + 40 = -2*n. Let g be (-6 - (-12)/(-18))*(-54)/15. Calculate the remainder when 111 is divided by c/(g/68) - 3.
13
Suppose -23*a - 31*a + 32778 = 0. Calculate the remainder when a is divided by 54.
13
Suppose -51*w + 49*w = 4, 2*u + 4*w = 362. What is the remainder when 210 is divided by u?
25
Suppose -1664 = -107*t + 3579. Let n = 12 - 7. Suppose i - 27 = -w, n*w + 2*i - 131 = -i. What is the remainder when t is divided by w?
24
Suppose -2461 = -87*l + 7544. Let y = -7 + 47. Calculate the remainder when l is divided by y.
35
Let l = 2120 - 1274. What is the remainder when l is divided by 11?
10
Let c(u) = u**2 - 43*u - 4266. Calculate the remainder when 784 is divided by c(93).
16
Let f(z) = -z**3 + 28*z**2 + 61*z + 32. What is the remainder when f(30) is divided by 